bc - -b?
-12db1
In base 5, what is 331020 - 2?
331013
In base 11, what is -40 - -8895?
8855
In base 8, what is 266131 + -5?
266124
In base 11, what is -33 + -1043?
-1076
In base 11, what is -29 - 57313?
-57341
In base 3, what is 12101200 + -1202201?
10121222
In base 11, what is 2 + a138?
a13a
In base 12, what is b062 - 86?
ab98
In base 8, what is -4 - 34702?
-34706
In base 2, what is -10010111000101 - -1010000?
-10010101110101
In base 5, what is -1441020 - -30?
-1440440
In base 11, what is -13 - 4143?
-4156
In base 8, what is 2 + 140462?
140464
In base 6, what is -2431200 - 4?
-2431204
In base 5, what is -22 + -1043414?
-1043441
In base 5, what is -1210 + 103?
-1102
In base 16, what is -3 + -784?
-787
In base 11, what is a2921 + 3?
a2924
In base 2, what is -1001100011100 + 1100010?
-1001010111010
In base 3, what is -1 - 221220020?
-221220021
In base 4, what is -3010 + 303003?
233333
In base 13, what is -48 - 974?
-9bc
In base 3, what is 200220000 - -112?
200220112
In base 5, what is 222001 - 1214?
220232
In base 6, what is 414234 + -1?
414233
In base 12, what is 3300 + 1ba?
34ba
In base 14, what is -344 - 16b?
-4b1
In base 12, what is 3 + -75a4?
-75a1
In base 8, what is -166 - 45724?
-46112
In base 2, what is 1011 + -10111011100011001?
-10111011100001110
In base 11, what is 849457 + 2?
849459
In base 12, what is -5 - 1b34?
-1b39
In base 14, what is 51 - 1b1d?
-1aac
In base 3, what is -120220202 - 10?
-120220212
In base 13, what is a + b868c?
b8699
In base 14, what is -29d581 - -1?
-29d580
In base 16, what is -17841 + 6?
-1783b
In base 4, what is 12112311010 - 3?
12112311001
In base 5, what is -420111 + -4?
-420120
In base 13, what is -4888 - a?
-4895
In base 16, what is 7c - -d83?
dff
In base 16, what is 1fd9 - -13?
1fec
In base 12, what is 4102 - -5?
4107
In base 11, what is -4 - -3007?
3003
In base 8, what is 112235 + -20?
112215
In base 9, what is -2 + 257326?
257324
In base 6, what is -512 - 155?
-1111
In base 2, what is 1111010 + 110100101?
1000011111
In base 3, what is 12 - -100120222002?
100120222021
In base 2, what is 101100100001000 + 101?
101100100001101
In base 2, what is -100010111001000010011 - 1?
-100010111001000010100
In base 12, what is -15a0 + 95b?
-841
In base 10, what is 21 - 322?
-301
In base 7, what is -101422 + 26?
-101363
In base 11, what is -97 - -2043?
1a57
In base 12, what is -1ab1 - -58?
-1a55
In base 4, what is -23010 + -123?
-23133
In base 2, what is -10110110 + -1010100010?
-1101011000
In base 12, what is 1 + 87bbb7?
87bbb8
In base 12, what is 113 - 962?
-84b
In base 16, what is 45 + -380?
-33b
In base 10, what is -1 + 2474?
2473
In base 13, what is 7c6 + 180?
976
In base 3, what is 1012111222010 + -1?
1012111222002
In base 8, what is -23 + -2333?
-2356
In base 10, what is 276 - -465?
741
In base 16, what is -1 + -6fd8?
-6fd9
In base 10, what is 235048 + 2?
235050
In base 7, what is -6145 + -166?
-6344
In base 8, what is -4 + 64113?
64107
In base 14, what is 11ab + -5c?
114d
In base 8, what is 1642 + 1143?
3005
In base 13, what is -28b048 + 2?
-28b046
In base 4, what is -1132 - 1132212?
-1200010
In base 5, what is 10021232 + 4?
10021241
In base 13, what is -1700a - 1?
-1700b
In base 10, what is -59764 - 0?
-59764
In base 3, what is 1 + 11200210?
11200211
In base 9, what is 8718 - 0?
8718
In base 9, what is -4164 + -16?
-4181
In base 13, what is 2 - -7c68?
7c6a
In base 6, what is -5 + 2300154?
2300145
In base 11, what is 2a74 - 6?
2a69
In base 2, what is -100010001111110 + 110111?
-100010001000111
In base 6, what is -4543 - 2003?
-10550
In base 5, what is -21 + 414?
343
In base 6, what is -115250203 - -2?
-115250201
In base 12, what is 10a - 254?
-146
In base 9, what is -12306 + -3?
-12310
In base 11, what is -1272050 - -3?
-1272048
In base 14, what is 5 - 12b41c?
-12b417
In base 5, what is 3 + -310223?
-310220
In base 11, what is 2 - 17143?
-17141
In base 4, what is -3 - 220002103?
-220002112
In base 7, what is -111231 - -554?
-110344
In base 12, what is 0 - -7319?
7319
In base 6, what is 11144 + -141?
11003
In base 4, what is -2000 - 102130?
-110130
In base 8, what is 3 + 422657?
422662
In base 6, what is -14 - -2213102?
2213044
In base 16, what is b + -2ea?
-2df
In base 13, what is -43 + 28c40?
28bca
In base 15, what is -18c - 105?
-292
In base 7, what is -46 - 316?
-365
In base 4, what is 3 + -300220023?
-300220020
In base 12, what is 259 - -1875?
1b12
In base 15, what is b - 16a53?
-16a47
In base 2, what is 11 + 1111111000010?
1111111000101
In base 4, what is -12103032 - -1?
-12103031
In base 7, what is 3230 - 320?
2610
In base 5, what is 24401 - -11?
24412
In base 11, what is 6969 + 68?
6a26
In base 15, what is 7 - -6dc?
6e4
In base 11, what is -a - 108a?
-1099
In base 9, what is 0 + 4615?
4615
In base 12, what is 48a - 78?
412
In base 3, what is -11 + -102000101?
-102000112
In base 5, what is -3 + 424303?
424300
In base 9, what is 2 - 1010858?
-1010856
In base 8, what is 4 + -3452?
-3446
In base 11, what is -3 + 1553?
1550
In base 9, what is 11721 - -5?
11726
In base 15, what is -1 + -3aca0?
-3aca1
In base 16, what is 5f6b1 + -4?
5f6ad
In base 6, what is 4 - 530211?
-530203
In base 2, what is 11100000011 - 11000?
11011101011
In base 6, what is 2354103 + -5?
2354054
In base 3, what is 1120111102 + 22?
1120111201
In base 8, what is 614 - -464?
1300
In base 4, what is 21011222 - -31?
21011313
In base 12, what is 100b - b?
1000
In base 16, what is -7c5 + f5?
-6d0
In base 3, what is 12220000 - 1001?
12211222
In base 10, what is 2 + 1703?
1705
In base 8, what is 35271 + -36?
35233
In base 10, what is 2458 - -64?
2522
In base 16, what is -5 + 108997?
108992
In base 2, what is -10011111110 + 10001110101?
-10001001
In base 2, what is -1 + 1010000000111101?
1010000000111100
In base 7, what is 1164452 + -3?
1164446
In base 3, what is 12102202012102 + 11?
12102202012120
In base 11, what is 8a + 98?
177
In base 3, what is 12002021012 + -1002?
12002020010
In base 6, what is -411211 + -3?
-411214
In base 9, what is 5 - 65068?
-65063
In base 12, what is 5 + 4791?
4796
In base 16, what is 8ca + 0?
8ca
In base 2, what is 100 - -1001011111?
1001100011
In base 8, what is 160 + 457?
637
In base 9, what is -11606 + -17?
-11624
In base 4, what is 100021 - -230?
100311
In base 2, what is 11001 - -1111001101011101?
1111001101110110
In base 16, what is 44ef + 2a?
4519
In base 5, what is 12 - 30044?
-30032
In base 6, what is 1130250 + 4?
1130254
In base 15, what is -24 - 3e?
-63
In base 11, what is 4784 + -7?
4778
In base 5, what is 11102103 - 1?
11102102
In base 11, what is 7 + 62a54?
62a60
In base 13, what is -4 + 123c2?
123bb
In base 7, what is 11356 - 512?
10544
In base 11, what is 768 - 2390?
-1723
In base 9, what is 0 + -103185?
-103185
In base 3, what is 1 + 111001102112?
111001102120
In base 11, what is -18 - -23173?
23156
In base 12, what is 2584 + 43?
2607
In base 3, what is -220200001 + -1112?
-220201120
In base 12, what is -158b5 + 106?
-157ab
In base 4, what is 120230 + -32021?
22203
In base 4, what is -13211020 + -3?
-13211023
In base 9, what is -2 - 1665387?
-1665400
In base 13, what is 17 + 1469a?
146b4
In base 14, what is -14254 + c?
-14246
In base 15, what is -93c2 + -27?
-93e9
In base 5, what is 242100 - -3?
242103
In base 13, what is 1518 - -5?
1520
In base 8, what is -2 + 4336?
4334
In base 2, what is 10 + -10011101010110101001?
-10011101010110100111
In base 16, what is 4 + -3464?
-3460
In base 9, what is -863 - 530?
-1503
In base 13, what is -4 - -1400c?
14008
In base 15, what is -cb594 - -2?
-cb592
In base 12, what is -2323 + 39?
-22a6
In base 8, what is -517 + 6301?
5562
In base 16, what is -3f - -561?
522
In base 15, what is 3c3a6 - -3?
3c3a9
In base 8, what is 0 - 2017371?
-2017371
In base 13, what is -3 - 93131?
-93134
In base 4, what is -3 - 10320123?
-10320132
In base 8, what is 2 + 553305?
553307
In base 4, what is 11 + -13330032?
-13330021
In base 14, what is -259d1 + -3?
-259d4
In base 2, what is 100111101111111 + -1100?
100111101110011
In base 12, what is -3 + -812aa?
-812b1
In base 2, what is 100101011 - -100001?
101001100
In base 11, what is -11 + -3524?
-3535
In base 13, what is 7 + 2b62c?
2b636
In base 14, what is -5 + -1a5?
-1aa
In base 9, what is 1 - 1132?
-1131
In base 13, what is 429 - 327